Let h(p) be the first derivative of -p**2 - 10*p + 3. Let q(g) = -2*g**2 + g + 2. Let k be q(-2). List the prime factors of h(k).
2, 3
Suppose 7*v - 4*v = 45. What are the prime factors of v?
3, 5
Let g(x) = 6*x**2 - 1. Let d be g(1). Suppose -5*a - 5*s = -15, d*a - 4*s + 5 - 38 = 0. List the prime factors of a.
5
Let f(s) = s**2 + 3*s - 4. Suppose 2*n + 2*n + 16 = 0. Let w be f(n). Suppose -4*v + w*v + 32 = 0. What are the prime factors of v?
2
Suppose -b + 4*b - 51 = 0. Let z(f) = 3*f**2 + f - 4. Let o be z(3). Let x = o - b. List the prime factors of x.
3
Let a(c) = 49*c**3 - c**2. Let m be a(1). Suppose m = 4*f + 4*v, f - 21 - 3 = 2*v. List the prime factors of f.
2
Let x = -15 + 21. What are the prime factors of x?
2, 3
Let j(v) = -v + 3. Suppose 6*q = 2*q. Let y be j(q). What are the prime factors of 64/6*y/2?
2
Let t(d) be the first derivative of -21*d**2 + d - 1. What are the prime factors of t(-1)?
43
Let o(k) = -16*k - 2. Let n be o(2). Let z = -21 - n. What are the prime factors of z?
13
Let r(u) = 4*u**2 - 6*u + 3. Let y(t) be the first derivative of 8*t**3/3 - 13*t**2/2 + 6*t - 1. Let h(l) = 5*r(l) - 2*y(l). What are the prime factors of h(2)?
11
Suppose 0 = d + 3*w + 11, 0 = 3*d + w + w - 2. List the prime factors of d.
2
Suppose 2*t - 3*s = 13, -t + 0*t + 2 = 3*s. What are the prime factors of t?
5
Let n(g) = 4*g - 9. List the prime factors of n(6).
3, 5
Let h(c) = -8*c + 4. Let o be h(-5). Suppose 9 - o = -5*z. What are the prime factors of z?
7
Let x(l) = -5*l + 9. What are the prime factors of x(-8)?
7
Suppose -l - 712 = -3*l. What are the prime factors of (-4)/6 + l/12?
29
Let o = 7 + -2. Suppose o*s - 2*w + 15 - 164 = 0, -3*s + 79 = 4*w. List the prime factors of s.
29
Let u(m) = -m**3 + 3*m**2 - 2*m. Let x be u(2). Suppose x*c - 95 = -5*c. What are the prime factors of c?
19
Let o(g) = g**3 - 14*g**2 + 4*g + 13. Let t be o(14). Let c = -34 + t. List the prime factors of c.
5, 7
Suppose 50 = -4*r + a, 0 = -r + 2*a - 9 - 0. Let s = -1 - r. List the prime factors of s.
2, 3
Let f = 9 + 33. List the prime factors of f.
2, 3, 7
Suppose 5*l + 4*o - 102 - 26 = 0, -l - 4*o + 32 = 0. What are the prime factors of l?
2, 3
Suppose 4*n - 45 = -h + 2*n, 0 = 4*h + 3*n - 175. List the prime factors of h.
43
Let o(x) = x + 7. Let t = -7 + 7. Let r be o(t). What are the prime factors of -1*(0 + -2)*r?
2, 7
Let a be 0/((-1)/(-1 - -2)). Suppose 4*g - 2*x - 6 = 12, 2*g = -2*x + 18. Suppose a = 3*s - 9, -g*l - 3*s + 48 = -3*l. List the prime factors of l.
13
Suppose -2*i = -18 - 0. Let n = 6 - i. Let p = -1 - n. What are the prime factors of p?
2
Suppose -3*t + 5*t - 416 = 0. What are the prime factors of t?
2, 13
Let f(w) = -9*w - 2. Let s(o) = -o + 1. Let x be s(4). List the prime factors of f(x).
5
Let j(h) = h**3 + 2*h**2 - 3*h - 4. Let t be j(-3). Let k(z) = -z**2 - 7*z - 7. What are the prime factors of k(t)?
5
Let z = 29 - 5. Let j(g) = -13*g**2 + 1. Let u be j(1). Let x = u + z. What are the prime factors of x?
2, 3
Suppose -8 = -4*t + 2*t. What are the prime factors of 195/6 + 2/t?
3, 11
Suppose -n + 60 = -36. Let k = n + -67. What are the prime factors of k?
29
Let d be (9/6)/((-6)/(-56)). Let i = d - 9. Suppose 0*n + 80 = i*n. List the prime factors of n.
2
Let w(s) = -2*s**3 - 6*s**2 - 5*s + 3. Let l(m) = 3*m**3 + 6*m**2 + 4*m - 4. Let a(u) = -3*l(u) - 4*w(u). List the prime factors of a(7).
7
Suppose 308 = 3*a - 0*b - 2*b, 3*a - 320 = 5*b. Suppose 0 = 4*z - 9*z + a. What are the prime factors of 62/5 + (-8)/z?
2, 3
Let u be 10/(-6) + (-4)/(-6). List the prime factors of (-6 + u)*150/(-35).
2, 3, 5
Let y(x) = -x**3 - 6*x**2 - 2*x - 6. Let k be y(-5). Let v = -31 - -16. Let r = v - k. What are the prime factors of r?
2, 3
Suppose h = 5, -2*b + 3*b - 24 = -2*h. What are the prime factors of b?
2, 7
Let l(j) = -j**2 + 5*j + 6. Let d(f) = -f**2 + 5*f + 5. Let o(s) = 2*d(s) - 3*l(s). What are the prime factors of o(7)?
2, 3
Suppose -3*o + 70 = 3*i + 28, 5*i + 3*o - 72 = 0. Suppose -n = -2*p + i, 2*n - 24 = 3*p - 5*p. What are the prime factors of p?
3
Suppose 4*n + 133 = 3*u + 24, -u = -4*n - 39. What are the prime factors of u?
5, 7
Suppose 3*z - 3*j - 21 = -z, 3*z + 3*j = 21. Suppose 65 = z*g - g. List the prime factors of g.
13
Let n be ((-54)/(-9))/(6/4). Let z(f) be the first derivative of f**4/4 - 4*f**3/3 + f**2 + 4*f - 2. What are the prime factors of z(n)?
2, 3
Suppose 5*s + 8 = o + 131, 4*o = -4*s + 108. Let z = s - 7. What are the prime factors of z?
2, 3
Suppose -2*j - 3*b = -6*b - 94, -3*j - 2*b + 128 = 0. List the prime factors of j.
2, 11
Suppose 5*g - 160 = -0*g. What are the prime factors of g?
2
Let q(u) be the first derivative of -u**7/105 + u**6/360 - u**3 - 1. Let h(n) be the third derivative of q(n). List the prime factors of h(-1).
3
What are the prime factors of (30/(-18))/((-2)/12)?
2, 5
Let x = -1 + 3. What are the prime factors of (x/(-6))/(3/(-81))?
3
Let h(t) = -9*t**2 + 8*t - 4. Let m(v) = 5*v**2 - 4*v + 2. Let y(o) = 6*h(o) + 11*m(o). Let c = -7 + 2. List the prime factors of y(c).
3
Let a be 12/(-30) + (-54)/(-10). Suppose 5 = a*l - 5*i - 0, 4*l - 3*i = 5. List the prime factors of l.
2
Let r = -9 - -14. List the prime factors of r.
5
Suppose 2*b + 72 = 4*w, -4*w - 4*b + 57 + 39 = 0. What are the prime factors of w?
2, 5
Suppose -2*r = 6, -9 - 25 = -f - r. List the prime factors of f.
37
Let h = 89 - -96. List the prime factors of h.
5, 37
Let n be 74/4 + (-2)/4. Suppose 0 = 4*z + n + 78. Let v = 41 + z. List the prime factors of v.
17
Let q be (7/(-14))/((-1)/(-4)). Let d be q - -25*(-1 - -2). Let o = d - 10. What are the prime factors of o?
13
Let w(r) = -r**3 + 11*r**2 + 2*r + 4. List the prime factors of w(11).
2, 13
Let o be (3/1)/(-1) - 7. Let h = -8 - o. List the prime factors of h.
2
Let p(q) = -q**2 - 6*q + 9. Let y(c) = c**2 + 5*c - 8. Let b = -5 - -10. Let v(f) = b*p(f) + 6*y(f). List the prime factors of v(5).
2, 11
Let i be 2 + -3 + 29*-1. Let z = -16 - i. List the prime factors of z.
2, 7
Let j = -3 - -1. Let c(l) = -14*l - 3. List the prime factors of c(j).
5
Let f = -7 + 10. Suppose 3*d = 15, -26 = -f*s + 4*d + d. What are the prime factors of s?
17
Let a = 114 + -79. List the prime factors of a.
5, 7
Suppose 5*k = -i - 12 - 9, 5*k = 4*i - 16. Let f = 12 - i. List the prime factors of f.
13
Let l = -6 - -10. Let i = -7 + 23. Suppose -5*f = -l*g + 16 + 25, -i = g + 4*f. What are the prime factors of g?
2
Suppose -d = -3 - 3. Suppose 3*n - 3*f - 6 = 0, f = d*f. Suppose -i + 1 = -n. List the prime factors of i.
3
Suppose 2*x + 2*x = 0. Suppose x = -g - 8 + 28. What are the prime factors of g?
2, 5
Let q(u) be the first derivative of -u**4/4 + 3*u**3 + 6*u**2 - 7*u - 1. Suppose -3*v + 3*g = -36, 4*v - 2*g - 38 = -3*g. List the prime factors of q(v).
13
Let k = 244 + -174. What are the prime factors of (k/(-21))/((-2)/12)?
2, 5
Let z be ((-6)/(-5))/(3/110). Suppose -2*f = -0 + z. List the prime factors of (-2 - -3)/((-2)/f).
11
Suppose 0 = r + 4*r - 105. List the prime factors of r.
3, 7
Let y(x) be the second derivative of x**5/20 + 5*x**4/12 - x**3/2 + x**2/2 - 2*x. Let d be y(-5). Let z = -3 + d. List the prime factors of z.
13
Let a(y) = 13*y + 4. Suppose -7*m = -3*m - 8. List the prime factors of a(m).
2, 3, 5
Let r(i) = -i**3 - 2*i**2 + 3*i + 3. Let x be r(-3). Suppose 32 = 6*w - 2*w - x*g, -4*w - 5*g = 0. What are the prime factors of w?
5
Let d = -8 - -25. List the prime factors of d.
17
Suppose 10*n = 15*n - 410. List the prime factors of n.
2, 41
Let d be (-40)/(-7) + (-4)/(-14). Suppose -d*g + 3*g = -39. List the prime factors of g.
13
Suppose -3*i + 193 + 126 = -5*w, 5*w = 20. What are the prime factors of i?
113
Let k = 52 - 31. List the prime factors of k.
3, 7
List the prime factors of (-34)/(-85) + 226/10.
23
Suppose 5*f = 2*o - 32, 5*f + 71 = 5*o - 24. Let i = -12 + o. Suppose 2*c = -c + i. List the prime factors of c.
3
Let b(p) be the second derivative of 0 - 2*p - 3/2*p**3 - 5/2*p**2 + 1/12*p**4. What are the prime factors of b(10)?
5
Let y = 59 - -38. What are the prime factors of y?
97
Let r = -29 + 52. Suppose -137 = -5*t + r. What are the prime factors of t?
2
Let c be 8 - (-1)/4*-4. Suppose -3*n + 8 = -g, 0 = 2*n - g - 4*g - 1. Suppose 0 = -2*f + c + n. What are th